(d) = -637*d + 10769. Determine g(17).
-60
Let m(b) = -4*b**2 + 91*b - 542. What is m(12)?
-26
Let h(q) = -40*q + 506. Calculate h(16).
-134
Let t(v) = -v**3 - 2*v**2 + 5*v + 18. What is t(-2)?
8
Let k(d) = 8*d**3 + 2*d**2 + 3*d - 9. Determine k(3).
234
Let b(z) = 103*z + 17. Determine b(2).
223
Let a(i) = -3825*i + 53572. What is a(14)?
22
Let h(g) = -19*g - 694. Give h(-41).
85
Let q(a) = -6*a - 366. Determine q(-63).
12
Let t(f) = 43*f + 1158. Determine t(-27).
-3
Let y(t) = t**2 - 5556*t - 66817. Determine y(-12).
-1
Let s(v) = 14*v**2 - 36*v + 3. Determine s(6).
291
Let w(i) = -83*i + 1511. Calculate w(18).
17
Let g(t) = t**2 + 69*t + 429. Give g(-62).
-5
Let k(w) = 132*w - 8451. Calculate k(64).
-3
Let k(h) = -h**2 - 667*h + 22333. Determine k(32).
-35
Let k(m) = -200*m + 3079. Determine k(14).
279
Let w(d) = 68*d - 2312. Calculate w(34).
0
Let z(w) = -29*w - 220. What is z(-9)?
41
Let t(u) = -4*u**3 - 23*u**2 - 13*u + 4. What is t(0)?
4
Let m(t) = 8*t**3 + 70*t**2 - 17*t + 12. What is m(-9)?
3
Let l(b) = -b**3 - 12*b**2 - 10*b - 93. Determine l(-13).
206
Let n(u) = -u**3 - 51*u**2 - 10*u - 503. Determine n(-51).
7
Let v(q) = -2*q**2 + 54*q - 321. Give v(7).
-41
Let c(n) = n**3 - 16*n**2 + 46*n + 74. Determine c(11).
-25
Let z(x) = -x**3 - 20*x**2 + 37*x - 14. Calculate z(-22).
140
Let m(d) = 2*d**2 - 139*d + 1926. Give m(19).
7
Let c(g) = g**3 - 20*g**2 + 66*g - 40. Determine c(9).
-337
Let t(b) = -446*b + 2674. Calculate t(6).
-2
Let j(l) = -2*l**3 - 6*l**2 + 56*l + 5. Give j(-7).
5
Let r(w) = w**3 + 12*w**2 + 29*w. Calculate r(-3).
-6
Let f(h) = -36*h + 638. Determine f(22).
-154
Let k(n) = 12*n**3 + 6*n**2 - 8*n - 15. Give k(-2).
-71
Let b(y) = -y**3 + y**2 + 17*y + 33. Give b(-4).
45
Let o(n) = 3*n**3 - 27*n**2 - 12*n + 90. What is o(-2)?
-18
Let m(i) = i**3 - 8*i**2 - 75*i + 302. Give m(12).
-22
Let w(c) = -c**2 + 3*c - 70. Determine w(-17).
-410
Let t(d) = 91*d - 228. What is t(10)?
682
Let c(i) = 17*i**3 + 4*i**2 - 13*i - 15. Calculate c(-1).
-15
Let h(x) = 216*x - 84. Determine h(2).
348
Let g(d) = 115*d + 3136. What is g(-27)?
31
Let m(z) = -145*z + 541. Determine m(4).
-39
Let k(n) = 69*n - 84. Calculate k(6).
330
Let s(a) = a**2 + 116*a - 1301. What is s(11)?
96
Let z(d) = -d**2 - 97*d + 963. Give z(-106).
9
Let k(l) = l**2 + 77*l - 590. Give k(7).
-2
Let l(x) = 52*x + 573. Determine l(-11).
1
Let n(y) = y**3 + 19*y**2 + 5*y + 122. Give n(-19).
27
Let c(h) = 3*h**3 - 3*h**2 - 19*h + 37. Calculate c(2).
11
Let k(r) = r**2 + 898*r - 12714. Determine k(14).
54
Let u(h) = 7*h**3 - h**2 - 10*h + 7. Calculate u(-3).
-161
Let a(t) = -62*t - 411. What is a(-11)?
271
Let y(q) = -q**3 - 31*q**2 - 20*q - 197. What is y(-31)?
423
Let k(u) = -u**3 + 9*u**2 - 20*u - 9. What is k(5)?
-9
Let a(s) = -s**2 - 63*s - 532. Calculate a(-53).
-2
Let n(g) = -190*g**2 + g + 4. Give n(-1).
-187
Let r(m) = -m**3 + 58*m**2 - 5*m + 253. What is r(58)?
-37
Let d(r) = 255*r - 427. What is d(2)?
83
Let s(m) = 75*m + 306. Determine s(-4).
6
Let s(j) = j**2 + 512*j - 1545. What is s(3)?
0
Let v(q) = 12*q + 6. Calculate v(12).
150
Let z(c) = -6*c**2 - 24*c + 287. Determine z(-9).
17
Let v(s) = 3*s**3 - 44*s**2 - 6*s - 140. Give v(15).
-5
Let w(b) = -b**3 - 12*b**2 - 30*b + 21. Calculate w(-7).
-14
Let s(m) = -m**3 + 39*m**2 - 61*m + 66. Give s(38).
-808
Let m(n) = -n**3 - 28*n**2 - 32*n - 110. Determine m(-27).
25
Let m(d) = 2*d**2 + 228*d + 1960. Calculate m(-105).
70
Let n(l) = 4*l**2 + 29*l + 13. Calculate n(-5).
-32
Let d(o) = -2*o**2 - 89*o + 23. Give d(0).
23
Let t(w) = -27*w**3 - w**2 + 6*w + 5. What is t(-1)?
25
Let o(l) = l**3 + 98*l**2 + 98*l + 95. Calculate o(-97).
-2
Let p(c) = 5*c**2 - 12*c - 14. Calculate p(-2).
30
Let s(l) = 32*l**3 - 5*l**2 - 7*l - 2. What is s(-1)?
-32
Let v(i) = 2*i**3 + 66*i**2 - 4*i - 96. Calculate v(-33).
36
Let v(f) = -12*f**3 + 44*f**2 + 86*f - 38. Determine v(5).
-8
Let n(x) = x**3 + 11*x**2 - 29*x - 13. Determine n(-6).
341
Let q(i) = 14*i - 370. What is q(27)?
8
Let i(p) = -2*p**2 + 120*p + 1229. Determine i(69).
-13
Let j(v) = 2*v**2 - 57*v - 386. Determine j(-6).
28
Let o(q) = 6*q + 94. What is o(-15)?
4
Let d(i) = -65*i**2 + 717*i - 13. Determine d(11).
9
Let i(h) = -h**2 + 142*h + 3946. Give i(166).
-38
Let j(q) = q**3 - 14*q**2 - 62*q + 148. Give j(17).
-39
Let i(j) = j**3 + j**2 - 2*j + 29. What is i(0)?
29
Let t(c) = -29*c + 53. Determine t(4).
-63
Let w(l) = 234*l + 465. Determine w(-2).
-3
Let j(y) = -6*y**2 - 271*y - 296. Determine j(-44).
12
Let z(b) = -172*b**2 - 3265*b + 58. Calculate z(-19).
1
Let x(r) = 36*r - 59. Determine x(-20).
-779
Let s(q) = q**3 - 17*q**2 + 58*q - 8. Give s(4).
16
Let j(x) = 3*x**3 + 30*x**2 + 44*x - 27. Calculate j(-8).
5
Let l(a) = 2627*a - 49927. Give l(19).
-14
Let r(t) = 2*t**2 + 19*t - 660. What is r(14)?
-2
Let k(o) = 343*o + 28817. Calculate k(-84).
5
Let b(z) = 47*z**2 + 1081*z + 2. Determine b(-23).
2
Let q(n) = -n**2 + 2*n + 1447. Determine q(39).
4
Let s(h) = -4*h**2 - 50*h - 145. Calculate s(-5).
5
Let n(t) = 50*t + 5320. Determine n(-106).
20
Let z(b) = 3553*b - 24866. Give z(7).
5
Let v(q) = q**2 + 32*q - 355. Give v(9).
14
Let r(v) = -v**3 + 21*v**2 - 105*v - 31. Give r(12).
5
Let x(l) = -14*l + 23. What is x(3)?
-19
Let t(n) = 253*n + 2079. Calculate t(-9).
-198
Let o(z) = -z**3 + 24*z**2 + 30*z - 110. What is o(25)?
15
Let v(x) = -1842*x - 5522. Determine v(-3).
4
Let g(c) = 2*c**3 + 113*c**2 + 170*c + 275. Calculate g(-55).
0
Let z(q) = 27*q + 505. What is z(-16)?
73
Let q(w) = 6*w + 403. What is q(-78)?
-65
Let j(n) = -n**3 + 75*n**2 - 283*n - 789. Determine j(6).
-3
Let u(n) = -n**3 + 18*n**2 - 33*n + 17. Determine u(16).
1
Let r(l) = l**2 + 71*l + 521. Calculate r(-43).
-683
Let i(l) = 12*l - 8. Determine i(3).
28
Let v(x) = 4*x**2 - 13*x - 1. Calculate v(-7).
286
Let u(t) = -26*t + 130. Calculate u(3).
52
Let r(t) = 103*t**2 - 311*t - 2. Determine r(3).
-8
Let y(o) = -o**2 - 67*o + 2424. Determine y(26).
6
Let t(x) = -17*x**2 + 267*x + 63. What is t(16)?
-17
Let x(a) = 128*a + 494. Give x(-8).
-530
Let w(q) = -2*q**3 - 24*q**2 + 576*q + 7152. Calculate w(-13).
2
Let o(z) = z**2 - 920*z + 2746. What is o(3)?
-5
Let y(v) = 6*v**3 + 378*v + 376. Determine y(-1).
-8
Let h(d) = -655*d - 5900. Give h(-9).
-5
Let b(s) = s**3 + 50*s**2 + 38*s - 416. Calculate b(-49).
123
Let l(w) = 2*w**2 + 153*w - 2841. Give l(-92).
11
Let w(v) = -2*v**3 + 10*v**2 - 72. What is w(8)?
-456
Let i(m) = -2*m**2 + 185*m + 10767. Calculate i(133).
-6
Let k(x) = 5*x - 39. What is k(13)?
26
Let f(r) = -5*r**3 + 21*r**2 - 553*r + 2861. What is f(5)?
-4
Let g(x) = 9*x**2 + 12*x + 8. Calculate g(-5).
173
Let k(c) = 6*c - 178. Determine k(25).
-28
Let k(o) = 7*o + 46. Calculate k(-15).
-59
Let d(y) = -y**3 + 14*y**2 - 62*y + 83. Determine d(6).
-1
Let a(g) = 23*g**3 + 9*g**2 + 9*g + 10. Determine a(-2).
-156
Let j(q) = -448*q**2 - 4033*q - 15. Determine j(-9).
-6
Let n(m) = 2244*m + 2228. Determine n(-1).
-16
Let x(d) = -d**2 + 42*d + 1426. What is x(-22)?
18
Let k(f) = 55*f + 2342. Give k(-41).
87
Let i(z) = -33*z - 182. What is i(-7)?
49
Let g(a) = -3*a**2 - 36*a - 192. Give g(-10).
-132
Let t(y) = 4*y**2 - 113*y - 346. Determine t(-3).
29
Let c(v) = -15*v**2 + v - 3. Determine c(-3).
-141
Let l(w) = w**2 + 29*w + 322. What is l(-10)?
132
Let x(g) = 2001*g + 76063. Calculate x(-38).
25
Let t(v) = -v**2 + 15*v + 178. What is t(-7)?
24
Let b(p) = p**3 + 15*p**2 + 11*p + 30. Give b(-14).
72
Let k(v) = -v**3 - 45*v**2 - 494*v - 22. What is k(-19)?
-22
Let p(t) = -4*t - 237. Calculate p(65).
-497
Let c(d) = -661*d - 197642. Calculate c(-299).
-3
Let x(a) = -1982*a + 59469. Give x(30).
9
Let b(v) = 1729*v + 12102. Calculate b(-7).
-1
Let s(b) = -b**3 + 27*b**2 - 9*b + 46. What is s(27)?
-197
Let w(n) = 382*n - 14517. Determine w(38).
-1
Let k(o) = -53*o + 181. Determine k(3).
22
Let z(j) = 5*j - 117. Calculate z(-26).
-247
Let w(z) = -23*z**2 - 134*z + 40. Calculate w(-6).
16
Let l(d) = -8*d - 259. Calculate l(16).
-387
Let t(l) = 51*l + 580. What is t(-19)?
-389
Let o(x) = x**3 + 34*x**2 - 39*x - 126. Give o(-35).
14
Let q(f) = -12*f**2 - 39*f + 26. Calculate q(-4).
-10
Let f(c) = 12*c + 62. Determine f(-20).
-178
Let g(a) = 68*a + 186. What is g(-13)?
-698
Let p(q) = q**3 + 321*q**2 + 2505